igit of 1405?
4
What is the thousands digit of 2864?
2
What is the tens digit of 35428?
2
What is the hundreds digit of 14026?
0
What is the tens digit of 11594?
9
What is the thousands digit of 12280?
2
What is the tens digit of 340?
4
What is the units digit of 19304?
4
What is the units digit of 37480?
0
What is the tens digit of 52?
5
What is the tens digit of 240?
4
What is the hundreds digit of 574?
5
What is the tens digit of 44742?
4
What is the tens digit of 59625?
2
What is the units digit of 14183?
3
What is the ten thousands digit of 31047?
3
What is the units digit of 30390?
0
What is the units digit of 2073?
3
What is the units digit of 1487?
7
What is the hundreds digit of 765?
7
What is the ten thousands digit of 131695?
3
What is the thousands digit of 2324?
2
What is the thousands digit of 6947?
6
What is the thousands digit of 47745?
7
What is the tens digit of 76417?
1
What is the units digit of 92429?
9
What is the thousands digit of 7492?
7
What is the units digit of 4533?
3
What is the tens digit of 75416?
1
What is the thousands digit of 9296?
9
What is the thousands digit of 3176?
3
What is the units digit of 380?
0
What is the thousands digit of 2533?
2
What is the hundreds digit of 175?
1
What is the tens digit of 6602?
0
What is the units digit of 23525?
5
What is the tens digit of 1087?
8
What is the thousands digit of 5318?
5
What is the thousands digit of 121988?
1
What is the units digit of 7664?
4
What is the hundreds digit of 28889?
8
What is the hundred thousands digit of 192582?
1
What is the hundreds digit of 1017?
0
What is the ten thousands digit of 127889?
2
What is the hundreds digit of 290?
2
What is the tens digit of 30752?
5
What is the thousands digit of 13555?
3
What is the units digit of 224?
4
What is the units digit of 4691?
1
What is the hundred thousands digit of 119859?
1
What is the hundreds digit of 35891?
8
What is the hundreds digit of 252?
2
What is the hundreds digit of 1999?
9
What is the thousands digit of 1094?
1
What is the thousands digit of 7040?
7
What is the units digit of 10431?
1
What is the tens digit of 1466?
6
What is the units digit of 650?
0
What is the units digit of 4133?
3
What is the tens digit of 4933?
3
What is the thousands digit of 4704?
4
What is the tens digit of 3782?
8
What is the hundreds digit of 63307?
3
What is the thousands digit of 8890?
8
What is the hundreds digit of 709?
7
What is the tens digit of 402?
0
What is the thousands digit of 14806?
4
What is the thousands digit of 7472?
7
What is the tens digit of 5059?
5
What is the tens digit of 22435?
3
What is the ten thousands digit of 11958?
1
What is the thousands digit of 59699?
9
What is the tens digit of 2410?
1
What is the hundreds digit of 2139?
1
What is the tens digit of 78422?
2
What is the units digit of 1779?
9
What is the tens digit of 556?
5
What is the hundreds digit of 20409?
4
What is the tens digit of 246?
4
What is the ten thousands digit of 47013?
4
What is the thousands digit of 8106?
8
What is the tens digit of 2089?
8
What is the hundreds digit of 3917?
9
What is the hundreds digit of 18683?
6
What is the tens digit of 113069?
6
What is the tens digit of 4594?
9
What is the units digit of 6645?
5
What is the thousands digit of 35746?
5
What is the thousands digit of 2342?
2
What is the units digit of 114?
4
What is the hundreds digit of 20906?
9
What is the units digit of 25395?
5
What is the thousands digit of 1163?
1
What is the ten thousands digit of 13292?
1
What is the tens digit of 34528?
2
What is the hundreds digit of 44967?
9
What is the units digit of 15839?
9
What is the hundreds digit of 4062?
0
What is the hundreds digit of 5879?
8
What is the hundreds digit of 653?
6
What is the tens digit of 2625?
2
What is the units digit of 18887?
7
What is the tens digit of 12038?
3
What is the ten thousands digit of 10591?
1
What is the units digit of 8719?
9
What is the hundreds digit of 11633?
6
What is the hundreds digit of 214?
2
What is the hundreds digit of 3209?
2
What is the units digit of 25411?
1
What is the hundreds digit of 984?
9
What is the thousands digit of 1893?
1
What is the tens digit of 15060?
6
What is the hundreds digit of 5095?
0
What is the units digit of 2146?
6
What is the tens digit of 811?
1
What is the ten thousands digit of 10135?
1
What is the units digit of 606?
6
What is the tens digit of 42307?
0
What is the units digit of 226?
6
What is the hundreds digit of 11727?
7
What is the hundreds digit of 9365?
3
What is the units digit of 7999?
9
What is the thousands digit of 23170?
3
What is the thousands digit of 36922?
6
What is the thousands digit of 94173?
4
What is the units digit of 90022?
2
What is the thousands digit of 1100?
1
What is the thousands digit of 113122?
3
What is the hundreds digit of 102860?
8
What is the units digit of 8017?
7
What is the tens digit of 138?
3
What is the ten thousands digit of 18575?
1
What is the ten thousands digit of 15669?
1
What is the units digit of 2137?
7
What is the hundreds digit of 8438?
4
What is the thousands digit of 6790?
6
What is the hundreds digit of 4914?
9
What is the thousands digit of 4420?
4
What is the ten thousands digit of 59199?
5
What is the hundreds digit of 1039?
0
What is the thousands digit of 21970?
1
What is the tens digit of 11?
1
What is the thousands digit of 44169?
4
What is the hundreds digit of 167385?
3
What is the tens digit of 4012?
1
What is the hundreds digit of 8461?
4
What is the units digit of 19291?
1
What is the hundreds digit of 1765?
7
What is the units digit of 12232?
2
What is the units digit of 3623?
3
What is the units digit of 8278?
8
What is the tens digit of 1626?
2
What is the hundreds digit of 72735?
7
What is the hundreds digit of 2467?
4
What is the hundreds digit of 3614?
6
What is the thousands digit of 2582?
2
What is the hundreds digit of 21780?
7
What is the units digit of 11458?
8
What is the tens digit of 16152?
5
What is the tens digit of 1953?
5
What is the units digit of 5147?
7
What is the units digit of 1305?
5
What is the tens digit of 73832?
3
What is the thousands digit of 4202?
4
What is the thousands digit of 2279?
2
What is the hundreds digit of 1750?
7
What is the units digit of 66?
6
What is the tens digit of 279?
7
What is the units digit of 1345?
5
What is the units digit of 75?
5
What is the thousands digit of 21511?
1
What is the thousands digit of 3269?
3
What is the units digit of 190178?
8
What is the hundreds digit of 9225?
2
What is the units digit of 2727?
7
What is the tens digit of 4976?
7
What is the thousands digit of 3472?
3
What is the hundreds digit of 10907?
9
What is the hundred thousands digit of 187830?
1
What is the tens digit of 8866?
6
What is the tens digit of 49190?
9
What is the thousands digit of 2929?
2
What is the units digit of 796?
6
What is the tens digit of 332?
3
What is the units digit of 1743?
3
What is the thousands digit of 9332?
9
What is the hundreds digit of 30313?
3
What is the hundreds digit of 962?
9
What is the units digit of 4510?
0
What is the ten thousands digit of 85897?
8
What is the ten thousands digit of 17467?
1
What is the units digit of 5501?
1
What is the units digit of 8043?
3
What is the ten thousands digit of 13241?
1
What is the thousands digit of 32686?
2
What is the ten thousands digit of 22843?
2
What is the tens digit of 4714?
1
What is the ten thousands digit of 62440?
6
What is the hundreds digit of 666?
6
What is the units digit of 146428?
8
What is the units digit of 26142?
2
What is the tens digit of 5866?
6
What is the tens digit of 6053?
5
What is the hundreds digit of 9854?
8
What is the units digit of 3058?
8
What is the hundreds digit of 1008?
0
What is the hundreds digit of 755?
7
What is the units digit of 15130?
0
What is the hundreds digit of 175210?
2
What is the hundreds digit of 2904?
9
What is the tens digit of 22248?
4
What is the thousands digit of 90475?
0
What is the units digit of 7080?
0
What is the hundreds digit of 34055?
0
What is the tens digit of 6127?
2
What is the units digit of 4424?
4
What is the tens digit of 609?
0
What is the hundreds digit of 172?
1
What is the units digit of 23?
3
What is the hundreds digit of 442?
4
What 